{"id":1384,"date":"2019-03-23T18:13:25","date_gmt":"2019-03-23T17:13:25","guid":{"rendered":"https:\/\/www.ordonnansen.se\/?page_id=1384"},"modified":"2019-03-23T18:39:54","modified_gmt":"2019-03-23T17:39:54","slug":"1384-2","status":"publish","type":"page","link":"https:\/\/www.ordonnansen.se\/?page_id=1384","title":{"rendered":"Fj\u00e4rrsupport"},"content":{"rendered":"\n    <section class=\"u-clearfix u-expand-resize u-lightbox u-white u-section-1\" src=\"\" id=\"sec-8e72\"><div class=\"u-clearfix u-sheet u-sheet-1\">\n            <div class=\"u-clearfix u-expanded-width u-layout-wrap u-layout-wrap-1\">\n                <div class=\"u-layout\">\n                    <div class=\"u-layout-row\">\n                        <div class=\"u-container-style u-expand-resize u-layout-cell u-left-cell u-size-23 u-layout-cell-1\">\n                            <div class=\"u-container-layout\">\n                                <p class=\"u-large-text u-text u-text-custom-color-3 u-text-variant u-text-1\">Vi kan hj\u00e4lpa dig<\/p>\n                                <p class=\"u-large-text u-text u-text-custom-color-3 u-text-variant u-text-2\">med din Windowsdator p\u00e5 distans. Ladda ner och installera en modul, som vi sedan kommer \u00f6verens om starten av via telefon.&nbsp;<br><br>Vi anv\u00e4nder en bepr\u00f6vad l\u00f6sning, d\u00e4r du enkelt laddar ner modulen f\u00f6r att komma ig\u00e5ng.\n                                    Vi tar inget betalt f\u00f6rr\u00e4n vi \u00e4r \u00f6verens om vad som ska g\u00f6ras p\u00e5 din dator.<\/p><a href=\"https:\/\/download.teamviewer.com\/download\/TeamViewer_Setup.exe\" class=\"u-btn u-button-style u-btn-1\" target=\"_blank\">Ladda ner modulen<\/a><\/div>\n                        <\/div>\n                        <div class=\"u-container-style u-expand-resize u-image u-layout-cell u-right-cell u-size-37 u-image-1\">\n                            <div class=\"u-border-1 u-border-custom-color-3 u-container-layout u-container-layout-2\"><\/div>\n                        <\/div>\n                    <\/div>\n                <\/div>\n            <\/div>\n        <\/div><\/section>\n    <section class=\"u-clearfix u-white u-section-2\" id=\"sec-dfc1\"><div class=\"u-clearfix u-sheet u-sheet-1\"><\/div><\/section>\n<!-- AddThis Advanced Settings generic via filter on the_content --><!-- AddThis Share Buttons generic via filter on the_content -->","protected":false},"excerpt":{"rendered":"<p>Vi kan hj\u00e4lpa dig med din Windowsdator p\u00e5 distans. Ladda ner och installera en modul, som vi sedan kommer \u00f6verens om starten av via telefon.&nbsp;Vi anv\u00e4nder en bepr\u00f6vad l\u00f6sning, d\u00e4r du enkelt laddar ner modulen f\u00f6r att komma ig\u00e5ng. Vi tar inget betalt f\u00f6rr\u00e4n vi \u00e4r \u00f6verens om vad som ska g\u00f6ras p\u00e5 din dator.Ladda &hellip; <a href=\"https:\/\/www.ordonnansen.se\/?page_id=1384\" class=\"more-link\">Continue reading<span class=\"screen-reader-text\"> &#8220;Fj\u00e4rrsupport&#8221;<\/span><\/a><!-- AddThis Advanced Settings generic via filter on wp_trim_excerpt --><!-- AddThis Share Buttons generic via filter on wp_trim_excerpt --><\/p>\n","protected":false},"author":2,"featured_media":0,"parent":0,"menu_order":0,"comment_status":"closed","ping_status":"closed","template":"","meta":{"_acf_changed":false,"_crdt_document":"","footnotes":""},"class_list":["post-1384","page","type-page","status-publish","hentry"],"acf":[],"_links":{"self":[{"href":"https:\/\/www.ordonnansen.se\/index.php?rest_route=\/wp\/v2\/pages\/1384","targetHints":{"allow":["GET"]}}],"collection":[{"href":"https:\/\/www.ordonnansen.se\/index.php?rest_route=\/wp\/v2\/pages"}],"about":[{"href":"https:\/\/www.ordonnansen.se\/index.php?rest_route=\/wp\/v2\/types\/page"}],"author":[{"embeddable":true,"href":"https:\/\/www.ordonnansen.se\/index.php?rest_route=\/wp\/v2\/users\/2"}],"replies":[{"embeddable":true,"href":"https:\/\/www.ordonnansen.se\/index.php?rest_route=%2Fwp%2Fv2%2Fcomments&post=1384"}],"version-history":[{"count":7,"href":"https:\/\/www.ordonnansen.se\/index.php?rest_route=\/wp\/v2\/pages\/1384\/revisions"}],"predecessor-version":[{"id":1394,"href":"https:\/\/www.ordonnansen.se\/index.php?rest_route=\/wp\/v2\/pages\/1384\/revisions\/1394"}],"wp:attachment":[{"href":"https:\/\/www.ordonnansen.se\/index.php?rest_route=%2Fwp%2Fv2%2Fmedia&parent=1384"}],"curies":[{"name":"wp","href":"https:\/\/api.w.org\/{rel}","templated":true}]}}